
Suppose -2*r = -4*y - 2066, 7*r = 2*r - 4*y + 5165. List the prime factors of r.
1033
Let j be (1288/(-35))/(1/(-5)). Let q = -113 + j. What are the prime factors of q?
71
Let d be -5*(-1 + (-185)/25). What are the prime factors of d/(4 - 1) - -3?
17
Let z be (-3 - -2)*1 - -1. Let v be -8 + 9 + (z - 7). What are the prime factors of (-224)/v + (-6)/(-9)?
2, 19
Suppose 0 = -k + n + 492, 0 = k - 3*n + 87 - 579. Suppose -6*z + k = 180. What are the prime factors of z?
2, 13
List the prime factors of 7 + (-4100)/(-3 - 7).
3, 139
Suppose -14*r = -7*r - 5411. What are the prime factors of r?
773
Let i(a) = -3*a**2 - 17*a - 4. Let z be i(-7). Let g = 32 + z. Suppose g = -l + 91 - 19. List the prime factors of l.
2, 3
What are the prime factors of 3*(-1 - -7 - (-39 + -84))?
3, 43
Suppose 44 = 13*j - 21. What are the prime factors of 209*(5/1)/j?
11, 19
Let d(t) = t**3 + 2*t**2 - 2*t - 2. Let q be d(-2). Suppose l + q = 88. What are the prime factors of l?
2, 43
Suppose -37 = 5*u - p - 10, 3*p = u - 3. Let w(i) = i**2 - 3*i - 10. What are the prime factors of w(u)?
2, 11
Suppose -3*b - l + 2217 = 0, 0*b - b - 4*l + 728 = 0. What are the prime factors of b?
2, 5, 37
Suppose -19 = 9*v - 55. Suppose 8*x + 1035 = v*h + 13*x, -2*h + 2*x + 540 = 0. What are the prime factors of h?
5, 53
Suppose 0 = 4*u + 2*w - 4, -u - 21 = -0*u - 5*w. What are the prime factors of 4 - u*(66 - 0)?
2, 5, 7
Let f(c) = -21*c + 362. List the prime factors of f(-19).
761
Let u = 537 - 312. What are the prime factors of u?
3, 5
Let y(m) = m**2 + 2*m + 34. Let w be y(0). List the prime factors of 16/(3 - -1) + w.
2, 19
Let k(l) = 15*l**2 + 42*l**2 - 10*l**2 - 3*l - 3. What are the prime factors of k(-1)?
47
Let v(g) = -2*g - 17. Let u be v(-10). List the prime factors of -1 - 1 - 36*(-4 + u).
2, 17
Let o(g) = 3*g**2 + 17*g + 95. List the prime factors of o(-18).
761
Suppose -18*l + 16383 + 285 = 0. What are the prime factors of l?
2, 463
Let w = -138 + 266. List the prime factors of w.
2
Suppose -4*v - 10*j + 5*j + 3056 = 0, 0 = -2*v + 5*j + 1528. What are the prime factors of v?
2, 191
Let r = 2630 + -491. List the prime factors of r.
3, 23, 31
Let i be (2 - 3 - 0)*-72. Let q = 95 - i. List the prime factors of q.
23
Let f(r) = 4*r**2 + 28*r + 9. What are the prime factors of f(10)?
13, 53
Let y be (14 + -7)*(-102)/(-7). Let t(v) = -v + 4. Let p be t(2). Suppose 33 = s - 0*s + 5*n, 2*n + y = p*s. What are the prime factors of s?
2, 3
Let b = 2285 - 1416. What are the prime factors of b?
11, 79
Let r = 817 + -534. What are the prime factors of r?
283
Let p(q) = 2*q**2 - 55*q + 40. List the prime factors of p(33).
13, 31
Suppose -v + 545 = 4*m, 11*m - 1621 = -3*v + 13*m. What are the prime factors of v?
541
Let d be (2/6)/((-6)/(-180)). Let u = d + 1. Let g = u - 6. What are the prime factors of g?
5
Let c(y) = y**3 - 6*y + 5. Let b be c(2). What are the prime factors of 3 + 156 + (-1 - -1) + b?
2, 5
Let k(x) = x**2 - 12*x + 12. Let m be k(11). Suppose 79 + m = 4*j. Suppose i - 37 = j. What are the prime factors of i?
3, 19
Suppose 7958 = 12*i + 11*i. List the prime factors of i.
2, 173
Suppose m - 4*m + 3*s = -27, m - 9 = 5*s. Suppose y = -3*z + 3, 3*y = -z - 0*z + m. Suppose -y*h - 65 = -4*g, -3*g = 5*h - h - 30. List the prime factors of g.
2, 7
Suppose 0 = -8*h + 186 + 3686. What are the prime factors of h?
2, 11
What are the prime factors of (-94680)/(-204) - (-4)/(-34)?
2, 29
Suppose -5*t = 2*p + 76, 5*t + 2*p = -3*p - 85. What are the prime factors of (t/(-4))/((33/168)/11)?
2, 7
Suppose 11*u + 4*n - 10758 = 9*u, 8 = 4*n. List the prime factors of u.
5, 43
Suppose 0 = 3*l + 11 + 16. Suppose -3*q + 19 = -38. List the prime factors of (-54 + q)*l/5.
3, 7
Let h be -2 + 1 + 1 + 630 + 2. Let g = 937 - h. What are the prime factors of g?
5, 61
Let h = 792 + -59. What are the prime factors of h?
733
Suppose 0 = 5*v + 11*v + 1104. Let n = v + 81. List the prime factors of n.
2, 3
Let t(c) = -c**2 - 2*c - 6. Let z(x) = x**2 + 2*x + 7. Let a(s) = 7*t(s) + 6*z(s). Let m be a(-2). Suppose 3*l + 5 - 29 = m. What are the prime factors of l?
2
Suppose -3*j + 359 - 4522 = -2*i, -2*i + j + 4161 = 0. List the prime factors of i.
2, 5, 13
Suppose -2*g = 38*g - 13080. What are the prime factors of g?
3, 109
Let g be ((-4)/(-5))/((-4)/40). Let q be 6/8 - g/32. Suppose -7 - q = -y. What are the prime factors of y?
2
Suppose 0*s - 15730 = -26*s. List the prime factors of s.
5, 11
Let a(j) = 68*j**2 + 55*j - 267. What are the prime factors of a(5)?
2, 7, 61
Let s(i) = 30*i**2 - i + 1. Let w be s(-4). Suppose w - 165 = 5*z. List the prime factors of z.
2
Suppose 0 = 41*c - 40*c - 26. List the prime factors of 47/(-1)*(-27 + c).
47
Let c = -567 - -801. What are the prime factors of c?
2, 3, 13
List the prime factors of 116576/352 - (-4)/(-22).
331
Suppose -s + 10 = 3*b, 0*s - 3*s + 2*b = 14. List the prime factors of (-28)/1*(s + -1).
2, 3, 7
Suppose 3*l - 407 = -4*s, 0 = -7*s + 3*s + l + 419. Let b be 0*8/24 + 7 + -4. Suppose -b*f + 2*m + s = -f, -f + 4*m = -37. List the prime factors of f.
3, 19
Suppose 18 = -4*x + x. Let g be 5*x - (-4)/2. List the prime factors of (10/4)/((-2)/g).
5, 7
Suppose g = 3*g - 4. Suppose g*d - 18 = -0. List the prime factors of d.
3
Suppose -3*w + 6*w - 240 = 0. Suppose -w = -5*x - 0*x. Let o = x - 11. What are the prime factors of o?
5
Suppose 0 = -2*m - 4*z + 792 - 270, 0 = -3*z. What are the prime factors of m?
3, 29
Let p = -2 - -7. Suppose 4*o + p*i - 485 = 150, 0 = -2*o + 2*i + 322. Suppose 0 = 6*w - o - 188. What are the prime factors of w?
2, 29
Let u be (10/8 - 0)/(55/(-880)). Let y(b) = -b**3 - 19*b**2 + 20*b + 21. What are the prime factors of y(u)?
3, 7
Suppose -2*n = -u + 44, u + 4 = -n - 12. Let k = 20 - n. What are the prime factors of k?
2, 5
Suppose 3*p - 20 = -2*c, -4*p + 50 = -6*c + 11*c. Let a(q) = 2*q**2 + 4*q + 27. List the prime factors of a(c).
3, 89
Suppose -4*h - 75 = -3*h. Let v = h - -156. List the prime factors of v.
3
Let q be 8/(-44) + 108/(-11). Let u be (8/q)/(4/(-110)). Suppose u - 117 = -5*f. What are the prime factors of f?
19
Suppose 11 = -4*p - 9. Let g be 0 + 0 - p/5. List the prime factors of 8*((g - -3) + 1).
2, 5
Let a(t) = 39*t**3 - 2*t**3 - t**3. What are the prime factors of a(1)?
2, 3
What are the prime factors of (6 + -7)/(8/(-7384))?
13, 71
Suppose 4*h + 3*p - 2402 = 0, -62*h - 2991 = -67*h + 2*p. What are the prime factors of h?
599
Let s(t) = -t**3 - 18*t**2 - 16*t + 20. Let c be s(-17). Suppose 4*x + 8*k = c*k + 89, 2*x = k + 55. List the prime factors of x.
2, 13
List the prime factors of ((-192)/(-18))/(-8)*-201.
2, 67
Let u be (10/(-6))/(3/(-9)). Suppose 47 + 13 = u*k. Suppose -2*y - 2*y + k = 0. What are the prime factors of y?
3
Let u be ((-20)/6)/((-2)/3). Suppose -15 = u*q - 10*q. Suppose 0 = 2*b + q*b - 35. List the prime factors of b.
7
What are the prime factors of 8/(-2) + 573 + 20?
19, 31
Suppose -4*f = -10 - 14. What are the prime factors of (-80)/f*(-231)/28?
2, 5, 11
Let y be ((-15)/(-2))/((-18)/(-744)). Suppose -5*b = -10*b + y. What are the prime factors of b?
2, 31
Let r = -9 - -17. List the prime factors of 96/6*10/r.
2, 5
Let l be (-9)/(-2) - (-9)/(-18). Suppose 0*b = -l*b + 36. List the prime factors of b.
3
Suppose -5*s - 72 = -3*a, a + 0*a - 5*s = 14. Let j = 21 - a. Let l(i) = i**2 + 5*i - 3. What are the prime factors of l(j)?
3, 7
Let u be 1*(-1 - 2) - (-46 + 34). Let v be 28/6 - (-4)/(-6). Suppose v*c = 25 - u. List the prime factors of c.
2
Let q be 2/(-2*(-3)/18). Suppose 0 = -5*j - 83 - 412. What are the prime factors of 4/(-3)*j/q?
2, 11
Let y(x) = 96*x - 61. List the prime factors of y(6).
5, 103
Suppose -2*l = -0*h - h + 8, 0 = -4*l - 2*h - 24. Let b = l - -11. Suppose 5*f - b = 69. What are the prime factors of f?
3, 5
Suppose 2*n + 3*x - 532 = 0, -3*n + 4*x = -177 - 604. List the prime factors of n.
263
Let h(d) = d**3 + 6*d**2 - 10*d - 21. Let u be h(-7). Suppose 6*v - 557 + 77 = u. List the prime factors of v.
2, 5
List the prime factors of 0 - ((-67606)/16 + 6/16).
5, 13
What are the prime factors of -9 - ((-17802)/9 + -5)?
2, 3, 7, 47
Let l = 1463 + -768. List the prime factors of l.
5, 139
Suppose 0 = s - 2 + 7, 0 = -4*c - 5*s + 1503. What are the prime factors of c?
2, 191
Su